- -2)) + -25 + 53. Let r(c) = -184*c - 1 - 13*c - 24*c. Let w be r(-1). What is the greatest common factor of w and z?
20
Suppose -143 + 25 = -4*d - 2*g, -5*d + 2*g = -152. Suppose 269 = d*n - 991. Calculate the highest common divisor of 14 and n.
14
Suppose -5*o = -7*p + 6*p + 10294, -20560 = -2*p + 3*o. What is the highest common divisor of 88 and p?
22
Suppose 20 = 2*d + 3*d, 25 = 3*k - 2*d. Let w = -10 + k. Let p be -15 + 58/4 - 3/(-2). Calculate the greatest common factor of w and p.
1
Suppose 0 = -34*b - 29898 + 151992. Calculate the greatest common factor of 627 and b.
57
Suppose -f + 39 = 12. Let j be 18*((-2)/10)/((-26)/65). Suppose -24 = -u + 2*p, -2*p + f + j = 2*u. What is the greatest common factor of u and 50?
10
Let r = 61194 + -31206. Calculate the highest common factor of r and 36.
36
Let r(c) = -24*c**3 - 2*c**2 - 2*c - 1. Let p be r(-2). Suppose -533*s + 377 = -5486. Calculate the greatest common divisor of p and s.
11
Let u = 5241 - 5181. Calculate the highest common divisor of 255 and u.
15
Let y be 76 - (1/(-4 - 9/(-2)) - 3). Calculate the greatest common divisor of y and 176.
11
Suppose -28*l - 2450 = 322. Let z = -61 - l. Suppose 0 = -3*i - 25 + 139. What is the highest common divisor of z and i?
38
Let i be (1365/90 - 15)/((-3)/(-774)). Let m be 0 + 1/(2 - 1). What is the highest common divisor of i and m?
1
Suppose 0 = -21*k + 2*k - 2*k + 52479. Calculate the highest common factor of 68 and k.
17
Suppose 48*i - 12*i = 103320. Suppose 6*r = 16*r - i. What is the greatest common divisor of r and 14?
7
Let o = 435 - 432. Let s = 20 + -16. Let f be 9 - 6*2/s. Calculate the highest common factor of f and o.
3
Let l = 16886 - 13078. Calculate the highest common divisor of l and 154.
14
Let m(w) = -7*w**2 + 159*w + 68. Let b be m(23). Calculate the greatest common factor of 2057 and b.
11
Let f be ((-33)/(-2) + -1)*-2. Suppose -273*w + 274*w = 157. Let o = w + f. Calculate the greatest common factor of o and 14.
14
Suppose -4*o = -7*o - 24, -4*o = 2*b - 760. Calculate the greatest common factor of 1408 and b.
44
Suppose 3*s = -3*b + 444, -b - s + 299 = b. Suppose -167 = 6*d + b. Let h = d + 81. Calculate the highest common divisor of h and 84.
28
Let a = 11704 - 5172. Calculate the highest common divisor of a and 92.
92
Let f(v) be the third derivative of -v**4/2 - 5*v**2. Let j be f(-1). Suppose 145 + 144 = 13*t - 101. What is the greatest common divisor of t and j?
6
Suppose 3*h + 2*h - 105 = 0. Suppose 0 = 2*s + s - h. Suppose 815 = 13*l - 5*u + u, 0 = -5*l + u + 314. Calculate the highest common divisor of l and s.
7
Let q(l) = l**3 + 26*l**2 - 23*l + 108. Let w be q(-27). Suppose -4*k = d - 98, k + 4*d - 32 = -w*d. Calculate the greatest common factor of 3 and k.
3
Let k(g) = 695*g - 5520. Let q be k(8). Calculate the greatest common divisor of q and 1690.
10
Let h = 21938 - 12282. What is the greatest common factor of h and 102?
34
Let r(a) = 2*a + 34. Let q be r(18). Let g be 2*(-2)/18 - ((-33330)/27)/11. Calculate the greatest common factor of q and g.
14
Let r = 4757 - 4069. Calculate the highest common divisor of r and 1634.
86
Let q be (-550)/6 + (-10)/30. Let x = 131 + q. Suppose -i = 1 - x. What is the greatest common divisor of 38 and i?
38
Suppose -3*a - 2*z + 7187 = 0, -3*a + 25*z = 28*z - 7185. What is the greatest common divisor of a and 51?
51
Let l(i) = -7*i - 3. Let p be l(-1). Suppose 0 = -p*z + 23 - 3. Suppose -v = -z*v + 3*k + 123, -3*k = -v + 42. Calculate the highest common divisor of v and 3.
3
Let k(i) = i**3 + 71*i**2 + 603*i - 323. Let l be k(-61). Calculate the greatest common divisor of 4628 and l.
52
Let j(f) = 106*f**2 + 9*f + 10. Suppose -b - 1 = 0, 4*z - 5*b + 9*b + 12 = 0. Let p be j(z). What is the greatest common factor of 13 and p?
13
Let g = -5001 - -5806. Calculate the greatest common factor of g and 70.
35
Let i be (-252)/(-84) + -5*1. Let z be (-26*i/(-12))/((-2)/6). Calculate the highest common divisor of 4 and z.
1
Let i(r) = -7*r**2 + 6*r + 4. Let d be i(7). Let z be ((-1)/4)/((d/(-220))/(-27)). What is the greatest common factor of z and 90?
5
Let v = -5195 - -5567. Calculate the greatest common divisor of v and 1767.
93
Let r be (24/4 - 9)*(-5)/3. Suppose -27 - r = -4*w. Let f be w*(-1)/2 + 140. Calculate the greatest common divisor of 17 and f.
17
Suppose -3*p + 3*v = -4*p - 18, 3*p + 5*v + 38 = 0. Let u(z) = z**3 + 6*z**2 + 7*z + 52. Let k be u(p). Calculate the highest common divisor of 140 and k.
10
Let h be (-5)/2*(-78)/65. Suppose 0 = -2*l + b + 1232, 3*l - 616 = 2*l - h*b. Calculate the greatest common factor of 56 and l.
56
Suppose -534 = -5*t - 414. Let m(n) be the third derivative of n**4/8 + 5*n**3/2 + 11*n**2. Let h be m(7). What is the greatest common factor of t and h?
12
Let y = 30414 + -10412. What is the greatest common factor of 146 and y?
146
Let b(d) = 1519*d - 2183. Let k be b(5). What is the greatest common factor of 132 and k?
132
Suppose 6*o + o = -0*o. Suppose 2*g - 34 = 3*j, o = 3*g - 5*j - 33 - 17. What is the highest common factor of g and 50?
10
Suppose 4*q + 5*l = 10*l + 1124, -8 = -2*l. Suppose -5*a = -142 - 118. What is the greatest common factor of q and a?
26
Suppose -5*k + 466 = 2*r, 14*k - 11*k = -4*r + 918. What is the highest common divisor of r and 1992?
12
Suppose 0 = -6*f + 284 + 94. Let p(r) = 6*r + 3. Let u be p(3). Calculate the greatest common factor of f and u.
21
Let f = -148 - -151. Suppose -l + 32 = -f*v - v, 3*l + 5*v = 79. What is the highest common divisor of 70 and l?
14
Let z(c) = 339*c + 4366. Let m be z(16). Calculate the greatest common divisor of m and 110.
110
Suppose -7 + 1 = -f. Let b be 2*16*6/f. Let h = 172 - 124. What is the highest common factor of b and h?
16
Suppose 0 = 31*y - 32*y + 544. Calculate the highest common factor of 34 and y.
34
Let n = -8564 - -14004. Calculate the greatest common divisor of 160 and n.
160
Let r be -4 + (116 + -13)*((-20)/(-4) - 4). Calculate the highest common divisor of r and 14751.
99
Let c(t) = t**2 + 5*t - 255. Let d be c(-19). What is the highest common factor of 3223 and d?
11
Suppose 0 = -3*t - 2*x + 562, -3*t - 3*x = -4*x - 574. Let g = 26 + t. Let q(v) = -7*v + 27. Let d be q(0). Calculate the greatest common divisor of g and d.
27
Suppose 15*z + 6 = 12*z. Let f be (-21)/7 + 6 - z. What is the highest common divisor of f and 45?
5
Let m = 55456 - 55166. Let r = 35 - 25. Calculate the greatest common divisor of r and m.
10
Let z be 19/(-1083)*-6 - 1/((-19)/2202). What is the highest common factor of z and 500?
4
Let h be (55/3)/((-1)/(-3)). Suppose 123 = 3*o - 3*s, 5*o = 23*s - 22*s + 197. Let n = -28 + o. What is the highest common factor of n and h?
11
Suppose -x = x - 10. Suppose -b = x*b - 462. Let h(w) = -77*w - 147. Let u be h(-2). Calculate the highest common factor of b and u.
7
Suppose 3*s + 60 = 2*p - 108, 0 = -4*p. Let i = 61 + s. Suppose 8*h - 24 = 3*h + 4*w, 0 = 5*h + i*w - 15. Calculate the greatest common factor of 16 and h.
4
Let c = -132 - -131. Let o be 3/c + 3 - (-42 + 2). Calculate the greatest common divisor of 180 and o.
20
Suppose 63*f = 1144 + 8936. Suppose 3*u - 42 = 6. Let k be (u/(-10))/((-1)/20). What is the highest common divisor of f and k?
32
Suppose -2*u + 19*h - 15*h + 1924 = 0, 4*u + 3*h - 3881 = 0. Calculate the greatest common divisor of u and 6050.
242
Let h(i) = -i**2 + 7*i + 2. Let y be h(7). Suppose -y*q = r - 6, 4*q = 2*q. Suppose 0 = r*u - 3*u - 39. What is the highest common factor of u and 13?
13
Suppose 0 = 2*n - 3*c - 229, 1047*n - 1046*n - 120 = -4*c. Let a(g) = g**2 + g - 4. Let b be a(3). What is the greatest common factor of b and n?
4
Suppose 527 = 5*b - 3*x - 514, -2*x + 190 = b. Calculate the greatest common factor of 372 and b.
12
Let x(q) = q + 5. Suppose -168 = -23*z - z. Let v be x(z). Calculate the greatest common divisor of 150 and v.
6
Suppose 0 = d + 4*t - 186, 8*t - 9*t - 930 = -5*d. Calculate the highest common factor of d and 9858.
186
Let r be (-45)/20*(-712)/3. Let n = r + -369. Let v(f) = f**2 - 28*f - 27. Let m be v(31). Calculate the highest common factor of m and n.
33
Suppose -1567*v - 6956 + 77471 = 0. Let g be 10*(2 + 0 - -17). Suppose 80 = 3*z - g. Calculate the highest common factor of v and z.
